e factors of 53035030.
2, 5, 409, 12967
What are the prime factors of 701046313?
11, 47, 1355989
What are the prime factors of 66769395?
3, 5, 7, 11, 57809
What are the prime factors of 9547215?
3, 5, 19, 139, 241
List the prime factors of 2555782149.
3, 23, 251, 147571
List the prime factors of 45939582.
2, 3, 13, 31, 2111
List the prime factors of 1561400990.
2, 5, 156140099
List the prime factors of 1607019647.
2953, 544199
List the prime factors of 8302481706.
2, 3, 1383746951
List the prime factors of 109342861.
17, 67, 5647
What are the prime factors of 59099729?
13, 4546133
What are the prime factors of 152380960?
2, 5, 952381
What are the prime factors of 15019411?
11, 71, 19231
List the prime factors of 6078435490.
2, 5, 607843549
What are the prime factors of 371076917?
23, 16133779
List the prime factors of 996098854.
2, 41, 53, 229199
List the prime factors of 19520092.
2, 1741, 2803
List the prime factors of 2127270536.
2, 103, 2581639
List the prime factors of 745996923.
3, 7, 37, 131, 349
What are the prime factors of 42816158?
2, 7, 11, 19, 14633
What are the prime factors of 3656283?
3, 1218761
What are the prime factors of 359745672?
2, 3, 11, 13, 37, 2833
List the prime factors of 33039956.
2, 2039, 4051
List the prime factors of 33120779.
33120779
What are the prime factors of 371893893?
3, 7, 1801, 9833
List the prime factors of 26966404.
2, 29, 31, 7499
List the prime factors of 1699090750.
2, 5, 7, 970909
What are the prime factors of 2114847979?
59, 61, 587621
What are the prime factors of 92161538?
2, 7, 1567, 4201
List the prime factors of 818435395.
5, 149, 631, 1741
What are the prime factors of 31380955?
5, 89, 97, 727
What are the prime factors of 584655710?
2, 5, 58465571
List the prime factors of 155826310.
2, 5, 15582631
List the prime factors of 4952335198.
2, 43, 47, 1225219
List the prime factors of 493355304.
2, 3, 13, 67, 7867
List the prime factors of 3892868597.
3892868597
List the prime factors of 401628830.
2, 5, 29, 227, 6101
What are the prime factors of 572802112?
2, 1709, 5237
What are the prime factors of 764077970?
2, 5, 19, 1123, 3581
What are the prime factors of 198363108?
2, 3, 16530259
List the prime factors of 78667430.
2, 5, 29, 61, 4447
What are the prime factors of 459836566?
2, 7, 41, 107, 7487
List the prime factors of 3399616271.
31, 10099, 10859
What are the prime factors of 3019765?
5, 7, 19, 239
List the prime factors of 34287002.
2, 61, 463, 607
What are the prime factors of 38399895?
3, 5, 37, 23063
List the prime factors of 289907328.
2, 3, 754967
What are the prime factors of 32131256?
2, 4016407
What are the prime factors of 1261250302?
2, 13, 37, 107, 12253
List the prime factors of 809842630.
2, 5, 2089, 38767
What are the prime factors of 321294830?
2, 5, 32129483
What are the prime factors of 5173070542?
2, 211, 12258461
What are the prime factors of 56710535?
5, 7, 19, 107, 797
What are the prime factors of 93051823?
93051823
What are the prime factors of 34036867?
2767, 12301
List the prime factors of 134783486.
2, 251, 268493
List the prime factors of 4647325213.
53681, 86573
List the prime factors of 2035748709.
3, 53, 79, 89, 607
List the prime factors of 243227099.
479, 507781
What are the prime factors of 2677658566?
2, 11, 29, 2011, 2087
What are the prime factors of 632918258?
2, 7, 31, 1458337
What are the prime factors of 320383670?
2, 5, 313, 102359
What are the prime factors of 304799860?
2, 5, 29, 525517
What are the prime factors of 1311610535?
5, 23, 79, 6277
What are the prime factors of 3210231729?
3, 1733, 617471
List the prime factors of 4269710840.
2, 5, 607, 175853
List the prime factors of 79377.
3, 26459
List the prime factors of 3057809129.
23, 132948223
What are the prime factors of 26396836?
2, 37, 59, 3023
List the prime factors of 1791109467.
3, 7, 3041, 9349
List the prime factors of 85603323.
3, 13, 1151, 1907
List the prime factors of 74851402.
2, 269, 373
List the prime factors of 72992457.
3, 43, 47, 4013
List the prime factors of 125692535.
5, 127, 131, 1511
What are the prime factors of 1320957873?
3, 23, 241, 26479
What are the prime factors of 21671327?
21671327
What are the prime factors of 21939625?
5, 167, 1051
What are the prime factors of 5202543006?
2, 3, 23, 257, 1811
List the prime factors of 371604548.
2, 7, 89, 149119
What are the prime factors of 20827437?
3, 43, 161453
List the prime factors of 158236583.
1039, 152297
What are the prime factors of 22523469?
3, 2539, 2957
What are the prime factors of 282599226?
2, 3, 7, 13, 131, 439
What are the prime factors of 1822570590?
2, 3, 5, 107, 567779
List the prime factors of 18228480.
2, 3, 5, 47, 101
List the prime factors of 72530975.
5, 11, 73, 3613
List the prime factors of 132957708.
2, 3, 13, 53, 1237
What are the prime factors of 29244102?
2, 3, 4874017
What are the prime factors of 4537385957?
13, 937, 372497
List the prime factors of 798891480.
2, 3, 5, 19, 116797
What are the prime factors of 703227849?
3, 234409283
List the prime factors of 12084612.
2, 3, 109, 9239
What are the prime factors of 153416346?
2, 3, 43, 594637
What are the prime factors of 1549272689?
313, 4949753
List the prime factors of 37560869.
37560869
What are the prime factors of 2189784160?
2, 5, 167, 81953
What are the prime factors of 322503016?
2, 11, 71, 727
List the prime factors of 75139019.
41, 44699
What are the prime factors of 124263667?
11, 19, 594563
What are the prime factors of 146636972?
2, 331, 110753
List the prime factors of 249935445.
3, 5, 17, 239, 1367
List the prime factors of 14818896.
2, 3, 34303
List the prime factors of 114907889.
29, 1163, 3407
List the prime factors of 148318919.
7, 4049, 5233
What are the prime factors of 1043013608?
2, 7, 13, 4177
List the prime factors of 51920372.
2, 7, 1854299
List the prime factors of 99661893.
3, 29, 1145539
List the prime factors of 63047735.
5, 101, 124847
What are the prime factors of 185351627?
59, 3141553
List the prime factors of 4600071.
3, 7, 19, 61
What are the prime factors of 38583093?
3, 839, 15329
List the prime factors of 21271828.
2, 17, 31, 10091
What are the prime factors of 3282747565?
5, 23, 28545631
What are the prime factors of 10068479?
10068479
List the prime factors of 278808999.
3, 7, 13276619
List the prime factors of 181211514.
2, 3, 11, 131, 20959
What are the prime factors of 563292721?
1499, 375779
What are the prime factors of 49866059?
49866059
What are the prime factors of 1099372433?
19, 83, 36691
What are the prime factors of 395368281?
3, 7, 11, 29, 103, 191
What are the prime factors of 46858058?
2, 13, 37, 67, 727
What are the prime factors of 385386805?
5, 509, 151429
List the prime factors of 703440486.
2, 3, 7, 53, 105337
What are the prime factors of 2232499999?
31, 72016129
List the prime factors of 4912257158.
2, 4603, 533593
List the prime factors of 186967716.
2, 3, 13, 1198511
What are the prime factors of 383319280?
2, 5, 4791491
List the prime factors of 522436939.
19, 27496681
List the prime factors of 1175145710.
2, 5, 43, 2732897
What are the prime factors of 319412111?
319412111
What are the prime factors of 80130222?
2, 3, 54959
What are the prime factors of 3286810913?
107, 467, 65777
What are the prime factors of 1336277486?
2, 17, 19, 29, 71329
List the prime factors of 27324950.
2, 5, 17, 31, 61
What are the prime factors of 568751964?
2, 3, 11, 4308727
What are the prime factors of 517950427?
517950427
List the prime factors of 328632966.
2, 3, 53, 344479
What are the prime factors of 136896620?
2, 5, 7, 31, 31543
What are the prime factors of 112590337?
17, 6622961
List the prime factors of 1376008506.
2, 3, 25481639
What are the prime factors of 410316896?
2, 11, 17, 191, 359
What are the prime factors of 41161344?
2, 3, 7, 15313
What are the prime factors of 838295103?
3, 83, 3366647
List the prime factors of 2062621157.
181, 11395697
List the prime factors of 6393407223.
3, 7, 19, 157, 102061
List the prime factors of 33469649.
67, 109, 4583
What are the prime factors of 59505973?
59505973
List the prime factors of 268616256.
2, 3, 41, 34123
List the prime factors of 33302499.
3, 239, 46447
What are the prime factors of 216127295?
5, 983, 43973
What are the prim